 -1 - 3 = -4*x. Let h(p) = -44*p**2 - p + 1. Let r be h(x). Let i = 91 - r. What is the hundreds digit of i?
1
Let p(x) = 99*x**3 + 44*x**2 - 17*x + 171. What is the ten thousands digit of p(7)?
3
Let b be 2670/(-24) + 3*(-1)/(-12). Let w = b - -109. What is the units digit of (-52)/((-9)/((-27)/w))?
8
Let i = -112 + 112. Suppose i = 4*t - 89 + 61. Let l(n) = 26*n - 42. What is the tens digit of l(t)?
4
Let o(i) = 181*i**2 + 9*i - 28. Let j(s) = -183*s**2 - 8*s + 25. Let t(c) = -4*j(c) - 3*o(c). What is the tens digit of t(2)?
5
Suppose -5*s + 8*s = 9. Suppose -s*a - b = -779, -9*a - 2*b = -6*a - 784. Let i = a + -81. What is the hundreds digit of i?
1
Let k be 20/15 + 354/(-9)*-92. Suppose t - 5*t - k = -4*n, -2*t - 905 = -n. What is the tens digit of n?
0
Suppose -32*i + 1734552 = 17*i + 23*i. What is the units digit of i?
1
Suppose 109 = 2*b - 5*l, 0 = b + 3*l - l - 50. Suppose -b = -8*t + 12. Suppose 368 + 240 = t*j. What is the units digit of j?
6
Let s be ((-1182)/(-3))/((-2)/(-6)). Let f = s - 412. What is the units digit of f?
0
Suppose 47*u - 15717 = 84581. What is the tens digit of u?
3
Suppose 4*f - f + 5*q + 4 = 0, f - 3*q - 8 = 0. Suppose -4*l = -2*k - f, 3*k + k - 5*l = -7. Let t = k + 15. What is the tens digit of t?
1
Let w(b) = -7617*b + 50. What is the tens digit of w(-2)?
8
Let t(s) = -58 + 67 - 4*s + 2*s + 5*s**2. Let a be t(-6). Suppose -o + 219 = 3*q, -3*q = -5*o - 0*o - a. What is the tens digit of q?
7
Let h(o) = 2*o**2 - 82*o - 2224. What is the tens digit of h(-42)?
4
Let g(h) = -h**3 + 2*h**2 + 6*h + 11. Let z be g(0). Suppose -4*x - 4830 = -z*x. What is the hundreds digit of x?
6
Let d(g) = 285*g**3 - g**2 + g - 1. Let r be d(1). Let c = r - 248. What is the tens digit of c?
3
Let o = -40155 + 43387. What is the tens digit of o?
3
Let d be 1*(-6 - -5)*1. What is the units digit of (6/12 + d)/(2/(-344))?
6
Let z be 46/(-14) - -4*(-2)/(-28). Let r(d) = -3*d**3 + 5*d**2 - 2*d - 11. What is the units digit of r(z)?
1
Let g = 50 - 76. Let v = g - -97. Let m = v - -66. What is the units digit of m?
7
Let c(a) = a**3 + 10*a**2 + 7*a - 1. Let w be c(-7). Suppose 7*u - 78 = w. Suppose -u*s + 124 = -21*s. What is the units digit of s?
1
Suppose 4*y - 4492 = -4*u, -y - 15*u = -11*u - 1123. Suppose -3*s + 15 = 0, -3*k + 2*s - 236 + y = 0. What is the units digit of k?
9
Suppose 20*a = 47*a + 17469. Let q = -603 - a. What is the units digit of q?
4
Let v = 15 - 11. Suppose 5*g = v*g + 28. What is the tens digit of (-1996)/(-14) - g/49?
4
Let r(v) = -2*v**2 + 11*v + 3. Let z be r(2). Let a(j) = 2*j**2 - 16*j - 92. What is the hundreds digit of a(z)?
2
Suppose -o - 8 = 2*t, -5*o - 4*t - 19 + 3 = 0. Let h be 3 + o - (-2 - 49). Suppose -56*l + 200 = -h*l. What is the units digit of l?
0
Let c = -1636 + 1744. Suppose 44 + 281 = -5*f. Let o = c + f. What is the tens digit of o?
4
Suppose 4*o - 32 = 12. Suppose -11 = -j - 1. Suppose -j*d - 39 = -o*d. What is the tens digit of d?
3
Let w(g) = 4467*g + 106. What is the units digit of w(4)?
4
Let j = 124705 - 64340. What is the thousands digit of j?
0
Let l(q) = q + 7. Let d be l(-7). Let s = -197 - -216. Suppose -2*b = -4*t - s + 345, d = 5*t + b - 397. What is the units digit of t?
0
Suppose 0 = 45*z - 14*z - 193285. What is the units digit of z?
5
What is the tens digit of 0 - 20/(-16) - (-102476)/16?
0
What is the thousands digit of (-419)/((-46)/9 - (-65)/(29 + -16))?
3
Suppose 2*x - 8011 = -5*o, 2*o = 2*x - 6936 - 1068. What is the hundreds digit of x?
0
Let d(h) = 99*h - 344. Let w be d(6). Let x(u) = 17*u - 2. Let p be x(-3). Let k = p + w. What is the tens digit of k?
9
Suppose 0 = -2*y - 3*t + 54382, 0*y - 4*t - 27213 = -y. What is the units digit of y?
7
Let v(y) = y**3 + 12*y**2 + 14*y + 41. Let t be v(-11). Suppose t*l = -1022 + 8110. What is the units digit of l?
6
Suppose 6 = 10*p - 24. Suppose 0 = -4*s + p*x + 23, -4*s + 5*x = 22 - 55. What is the tens digit of 1/(-4)*s*(-175 + 1)?
8
Let k = 292 + -199. Suppose 6*w - 777 = k. What is the tens digit of w?
4
Suppose 75*j - 165213 - 17712 = 0. What is the hundreds digit of j?
4
What is the units digit of 129*(2 - (-12)/(-7))*30394/52?
3
Let u = 8912 + 5697. What is the tens digit of u?
0
Let m = -10 + 18. Let s be ((-8)/10)/((-10)/(-25)). What is the tens digit of (-37)/(-1) + m/s?
3
Suppose 4*m + 7*m - 88506 = -25190. What is the tens digit of m?
5
Let v = -2016 - -3784. Let w = v + -1112. What is the tens digit of w?
5
Let x = -1250 - -1246. Let a(q) = q**3 + 4*q + 6*q**2 + 0*q**3 - 13*q. What is the tens digit of a(x)?
6
Let p = -23 - -23. Suppose d + d = -n + 14, 5*n - 3*d - 5 = p. What is the units digit of (0 - 0) + (n + 17 - -4)?
5
Suppose 7*p - 4675 = 14820. Suppose 0 = -2*a + 255 + p. What is the thousands digit of a?
1
Let v(o) = -o + 23. Let n be v(23). Let m be 1/1 + -1 - (n + -3). Suppose -4*k = -t + k + 136, 5*k + 358 = m*t. What is the units digit of t?
1
Suppose 0 = -7*k + 5*k - 1332. Let c = k - -1371. What is the hundreds digit of c?
7
Let l be (0 + 6)*((-30)/12 - -2). What is the hundreds digit of 5 - (-1 + -142 + l)?
1
Let f = -16 - -16. Suppose 4*p - 3341 + 565 = f. What is the tens digit of -6 + 616/105 + p/30?
2
Let q(o) = -o**3 - 2*o**2 + o + 14. Suppose -70 = 11*v + 29. What is the units digit of q(v)?
2
Suppose 3*w + 3*r - 24032 = 33835, -w = -4*r - 19269. What is the hundreds digit of w?
2
Let y(w) = 14*w**2 + 6*w + 99. Suppose -2*u + 37*u - 280 = 0. What is the hundreds digit of y(u)?
0
Suppose -797*u = -794*u + 3*f - 40308, 2*f - 67186 = -5*u. What is the units digit of u?
8
What is the tens digit of (-14 + 96/9)*-1038?
6
Let b(h) = h**2 - 18*h + 21. Let z be b(15). Let p be z - 0 - (0 + (3 - 2)). Let k = 39 + p. What is the tens digit of k?
1
Suppose -7*r = 300 + 50. Let b = -45 - r. Suppose x = b*x - 452. What is the units digit of x?
3
Let y = 20954 + -13917. What is the units digit of y?
7
Let p = 220 + 11862. What is the units digit of p?
2
Suppose 0 = -5*g + 8*g - s + 1, 4*g - s + 1 = 0. Let j be ((-30)/8 + g)/(4/(-16)). Let a(i) = i**3 - 17*i**2 + 36*i - 21. What is the tens digit of a(j)?
6
Let w(c) = 98*c + 801. What is the thousands digit of w(3)?
1
Suppose 0 = -3*i + 2*z + 1651, -14*z + 16*z - 2192 = -4*i. Suppose -5*f - 4*m + 2803 = 0, -6*f + 5*f + 5*m = -i. What is the hundreds digit of f?
5
Let y(x) = -109*x + 147. Let p be y(-5). Suppose 4*b + 692 = 6*b + 4*n, 2*b - p = -2*n. What is the tens digit of b?
4
What is the tens digit of (-10)/(-25) - ((-40763)/5 + 4)?
4
Let i(b) = 8*b**2 - 31*b + 80. Let q be i(3). Suppose -q*z + 39699 + 13873 = 0. What is the units digit of z?
8
Let v(f) = f**2 + 12*f - 36. Let b be v(7). Let i = -38 + b. Suppose -2*q = -2*a + 34, 6*q - i = -4*a + q. What is the tens digit of a?
1
Let k = -49129 - -80662. What is the hundreds digit of k?
5
Suppose 9*k - 198 = -63. Suppose -7*o + k*o = 40. Suppose 2*x + x = -5*r + 63, 83 = o*x + r. What is the units digit of x?
6
Suppose 873 = 2*k - 247. Suppose f - 73 = k. What is the hundreds digit of f?
6
Suppose -221536 = -5*s + 2*c, -s + c - 5*c = -44316. What is the ten thousands digit of s?
4
Suppose n = 3*n + 2*n. Suppose r - 3 = -0*r + b, n = 2*b - 4. Suppose -3*x - r*y = -379, 2*x - 2*y + 510 = 6*x. What is the units digit of x?
8
Suppose 4*g = -2*l + 28, 6*l + g = 3*l + 22. Let p be l + -2 - (17 - 16). Suppose -2*c - p*c + 4*a + 269 = 0, 3*c = 2*a + 161. What is the units digit of c?
3
Suppose 6*k = -3*k - 711. Let l be 2/11 + k/11. What is the units digit of l/((-28)/(-16)) + 203?
9
Suppose -4*r = 3*p + 156, -5*p + 0*p - 2*r = 246. What is the tens digit of (p/40)/(18/(-1485))?
9
Let b = -51775 + 95645. What is the hundreds digit of b?
8
Suppose -x - x - 5*z - 19 = 0, -3 = 3*z. Let c(h) = 17*h - 22. Let o be c(x). Let q = -77 - o. What is the units digit of q?
4
Let p(h) = h**3 + 16*h**2 - 2*h - 23. Let f be p(-16). Suppose f*l = -5*l - 910. Let y = l + 99. What is the tens digit of y?
3
Let b = 5597 - 2912. Suppose 0 = 9*s + 30 - b. What is the units digit of s?
5
Let c(z) = -z**3 + z**2 - 5*z + 4. Let i be c(0). Let g be 22/33*18/i. Suppose g*d = o - 97 - 39, -430 = -3*o - 2*d. What is the tens digit of o?
4
Suppose 5*m = 4*q - 0*m - 16, 5*q - 65 = -5*m. Let a(x) = 40 - 2*x + 2*x + 4*x. What is the uni